c - 48. Calculate the remainder when 18 is divided by g(y).
6
Suppose 98*u = 13*u + 425. Let v be (2*-3)/(4/(-2)). Suppose -3*h - 5 = u*z - 57, 0 = v*z + 12. Calculate the remainder when 93 is divided by h.
21
Suppose 4*x - 157 = -169. Let d(y) be the second derivative of y**4/6 - 2*y**3/3 - 7*y**2/2 + 6*y. What is the remainder when d(x) is divided by 13?
10
Suppose 3*o - 8 = 187. Let y = -141 + 146. Suppose 17 = -4*p + y*p. What is the remainder when o is divided by p?
14
Let o = -191 - -199. Suppose 0 = 3*i + 3*l - 132, -2*l + 4*l - o = 0. What is the remainder when i is divided by 23?
17
Suppose x - 149 = -5*g + 87, 68 = 2*g - 4*x. Calculate the remainder when 149 is divided by g.
11
Suppose 2*y + 2 = 0, -4*u + u + 2*y = -8. Let f(r) be the second derivative of 37*r**3/6 + r. Calculate the remainder when f(u) is divided by 11.
8
Let t be -9 + 94 + 1/(-1). Suppose -12*b = -14*b - 4*u + t, -5*b - u = -228. Calculate the remainder when b is divided by 16.
14
Suppose -83*y + 4062 = 410. What is the remainder when ((-61)/4)/((-1)/4) is divided by y?
17
Suppose -3*u = -5*m + 10277, 4*m - 6*m - 5*u = -4148. What is the remainder when m is divided by 59?
53
Let m(r) = -26*r - 130. Let p(d) = 17*d + 86. Let z(q) = 5*m(q) + 8*p(q). What is the remainder when 19 is divided by z(-4)?
5
Let x = 93 + -85. Let m(j) = x*j**2 - 24 - 27 + 4*j + 54. What is the remainder when 75 is divided by m(-2)?
21
Let g(l) = -9*l**3 - 14*l**2 - 56*l + 28. What is the remainder when g(-5) is divided by 139?
110
Let n = 8972 + -2281. What is the remainder when n is divided by 23?
21
Suppose 2*p = -a + 12285, -4309 = -3*p + 5*a + 14138. What is the remainder when 383 is divided by 7/(-2)*p/(-448)?
47
What is the remainder when (-129 - -126)/(2/(-274)) is divided by 213?
198
Let y(v) = 262*v**2 - v. What is the remainder when y(-1) is divided by 47 - ((-4)/(-26) + (-1760)/286)?
51
Suppose 374 = 5*w + 2*v, 0*w - 2*v = -3*w + 234. Suppose -13 = 7*a - w. What is the remainder when 9 is divided by a?
0
Suppose -17*w = -3*n - 19*w + 208, 5*w = 2*n - 145. Calculate the remainder when 98 is divided by n.
28
Let n(d) = -2*d + 566. Calculate the remainder when n(52) is divided by 30.
12
Let d(c) = -9*c - 11. Let x be d(-2). Suppose -207 = -2*o - x*o. Suppose 0 = r - 3*q - 38, 5*q + 170 = 3*r + 56. Calculate the remainder when r is divided by o.
15
Suppose -277*x + 263*x + 14 = 0. Suppose -8*s + 9*s = x. What is the remainder when 81 is divided by s?
0
Suppose 25*k - 90*k = -16380. What is the remainder when k is divided by 233?
19
Suppose -8 = 3*w + 1. Let d = 6 + w. Suppose 3*n - 6 + 183 = 3*a, 0 = -d*a - n + 193. Calculate the remainder when a is divided by 13.
11
Suppose -54*v + 62*v + 360 = 0. What is the remainder when 148 is divided by -3 + (-297)/v*5?
28
Let n(i) = i**2 + 10*i + 16. Suppose -10 = 5*d - 4*d. Let w = 67 + -41. What is the remainder when w is divided by n(d)?
10
Let d = -209 - -114. Let j = -54 - d. Suppose -5*o + 3*r + j = 0, 3*o - 4*r - 4 = 25. Calculate the remainder when 40 is divided by o.
5
Let k(x) = 179*x - 17445. Let m be k(100). Suppose -n + 3 = 1. Suppose 2*u + 3*u = -b + m, -n*b = -3*u + 286. What is the remainder when u is divided by 47?
45
Suppose 5*o - 3 = -4*k + 1, 28 = 4*k - o. Let z be 4*2*(322/4)/(-7). Let s = 8 - z. What is the remainder when s is divided by k?
4
Suppose -13 = -s + 22. Suppose -2*k + s = -k. What is the remainder when k is divided by 7?
0
Calculate the remainder when (-2)/((-14)/21) - 557*(3 - 10) is divided by 18.
14
Let t(b) = b**3 + 14*b**2 + 18*b + 105. What is the remainder when 1198 is divided by t(-13)?
38
Suppose 58*f = 77*f - 5415. Calculate the remainder when 320 is divided by f.
35
Let b be 12/(-27) - (-80)/(-144). What is the remainder when 3*190/(11 + -4 + b) is divided by 14?
11
Let t = -41 + 39. Calculate the remainder when 2 + 0 + ((-288)/1)/t is divided by 17.
10
Let h(x) be the second derivative of x**5/20 - 11*x**4/12 + x**3/2 + 8*x**2 + 18*x. Calculate the remainder when 145 is divided by h(11).
47
Let z be -3 - (-11 - -4) - 136/(-4). Suppose 0 = 7*r - 10 + z. Calculate the remainder when 4/r - (-3 - 54) is divided by 16.
8
Suppose -14*l + 393 = -97. Suppose 2 = k - l. Calculate the remainder when k is divided by 7 + -3 - 3/(-3).
2
Let w = -7035 - -9308. What is the remainder when w is divided by 29?
11
Let b = -59 + 173. Suppose -3*v + 5*y + 46 = -b, 5*y + 60 = v. Calculate the remainder when v is divided by (59 + -58)*(17 - -2).
12
Suppose 4*u + 207*f = 206*f + 575, -3*u + 398 = -4*f. Calculate the remainder when 326 is divided by u.
42
Let d be 12/20 - (-7)/5. Let l be (-3 - 1/d)*(3 - -1). Calculate the remainder when 42 is divided by -2*5*l/35.
2
Suppose -5*w + y = 2*y - 710, 4*y + 685 = 5*w. Let k be (2/6)/(10/(-120)). Calculate the remainder when w is divided by (96/9)/(k/(-6)).
13
Suppose -3*b + 169 = m + 14, b + 5*m = 47. Suppose -h + 11*h - 30 = 0. Let l(f) = 2*f**3 - 4*f**2 - 8*f + 24. Calculate the remainder when b is divided by l(h).
16
Suppose 4*j - 6 = 5*n, j + 2*j + 5*n - 22 = 0. Suppose 57 = 3*u - 3*w, 0 = -11*u + 6*u - j*w + 77. Calculate the remainder when 237 is divided by u.
16
Let r be 33/(-2)*(-4)/1 + 4. Suppose 4*v - r = -2882. What is the remainder when v/(-3) - (-4)/6 is divided by 34?
31
Let f(g) = 869*g - 2804. What is the remainder when f(4) is divided by 155?
52
Let k(o) = -o**2 + 133*o - 95. What is the remainder when k(12) is divided by 40?
37
Let c be (-4)/(3/6*(-2)/4). Let j be 26 - c - (5 - 1). Let n = j + 25. Calculate the remainder when n is divided by 7.
3
Let g(k) = 20*k - 7. Let a be g(9). Let q be 2*(0 - a) - -4. What is the remainder when 150 is divided by ((-2)/6)/(((-12)/(-4))/q)?
36
Let k = -381 - -385. Suppose -p - 1665 = -4*r, -k*r + 440 = -3*r - 5*p. Calculate the remainder when r is divided by 19.
16
Suppose 2*z - 9 = -5. Let d be (2 - (-1 - -9))*(-1)/z. Suppose 6*f - f = -d*n + 94, -10 = -2*f. Calculate the remainder when 250 is divided by n.
20
What is the remainder when 594 is divided by 13/(1638/900)*(20 + 1)?
144
Suppose -33152 = -80*g + 48*g. What is the remainder when g is divided by 3?
1
Suppose a = 11*o - 9*o + 12, -5*a = o - 38. Suppose 0 = -3*x - 4*v + 122, -3*v + 47 - 202 = -5*x. What is the remainder when a/4*-1*-33 is divided by x?
32
Suppose -38*c = 18*c - 18704. What is the remainder when c is divided by 65?
9
Let i = -27 + 61. Suppose -205*a + 209*a = -j + 122, 3*a = -3*j + 357. Calculate the remainder when j is divided by i.
16
Calculate the remainder when ((-454)/4)/((5/10 + -1)/3) is divided by 226.
3
Let q be 2/(-3) + 600/9. Suppose -s + q = h + 18, 0 = -2*s - 4*h + 92. Suppose 22*r - 858 = -10*r - r. Calculate the remainder when s is divided by r.
24
What is the remainder when 320 is divided by (-9)/(-24) + (4686/48 - 4)?
38
Let t = 68 + -33. Suppose -9*s + t = -4*s. Calculate the remainder when 153 is divided by s.
6
Suppose 2*m - 2*u - 98 = 2*u, 5*u + 96 = 2*m. Suppose 3*a + 8 = m. What is the remainder when a is divided by -4*(-2)/16*10?
0
Let x = -12383 - -12676. What is the remainder when x is divided by 12?
5
Suppose 2*q - 88 = -26. Let d(o) = 12*o - 1. Suppose 0 = -6*s + 2*s + 40. What is the remainder when d(s) is divided by q?
26
Let t = 90 - 18. Let w(p) = 17*p**3 - 7*p**2 - 83*p + 196. Calculate the remainder when w(2) is divided by t.
66
Suppose 9452 + 75291 + 2266 = 23*v. Calculate the remainder when v is divided by 44.
43
Let o(j) = 2 - 4 - j**3 + 10*j**2 + 6 + 1 - 6*j. Let l be o(9). Calculate the remainder when (9/(-2))/((-24)/l) is divided by 2.
0
Suppose 2*a = -37*a + 386724. What is the remainder when a is divided by 29?
27
Suppose 0 = 25*r - 31*r + 708. Let o = -114 + r. What is the remainder when 10 is divided by o?
2
Suppose 0 = -3*k + 7*k - 116. Let o(v) = -10*v - 59. Let t be o(-7). Suppose -3*z - t*z = -140. What is the remainder when k is divided by z?
9
Let o = 30 + -11. Calculate the remainder when 3*1*-1 + -83 + 120 is divided by o.
15
Let z(g) = 571*g + 15461. Suppose 2*l = l + 5*n + 25, 0 = 2*l - n - 86. Suppose o - 4*o + l = 0. What is the remainder when z(-27) is divided by o?
14
Suppose -1347 = 45*l - 1887. Let s = -92 + 175. Calculate the remainder when s is divided by l.
11
Let x be (-147)/(-245)*